Let o(n) = 7*n**3 - n**2. Let t(k) = k**2 + 2*k - 1. Let f be t(-2). Let g be f/(-2*(-1)/(-10)). Let i = -6 + g. What is o(i)?
-8
Let w(d) = 2*d - 4*d - 4*d - 5 + 0*d. What is w(-4)?
19
Let o(i) be the third derivative of i**6/120 - i**5/15 + i**4/12 + 2*i**3/3 - 15*i**2. Determine o(3).
1
Let n(f) = 11*f + 5. Let t(k) = 6*k + 3. Let x(m) = -m**3 - 4*m**2 - m + 2. Let w be x(-5). Let g be w/(-4)*2/4. Let h(j) = g*n(j) + 7*t(j). Determine h(-2).
5
Let r = 9 + -13. Let u(i) = -4*i - 12. Let a(o) be the third derivative of 5*o**4/24 + 13*o**3/6 + o**2. Let z(v) = r*u(v) - 3*a(v). Determine z(0).
9
Let c(j) = -j**2 + 4*j - 7. Let s be c(2). Let m(k) = 6*k - 1. Give m(s).
-19
Suppose 81 = 4*m - j, -m = m + j - 33. Let n(r) = -10 - 10 + m - r. Give n(3).
-4
Suppose -4*f + 29 = -6*u + 3*u, -f + 2*u + 1 = 0. Let m = f - 11. Let j(z) = -z**2 - z - 1. What is j(m)?
-1
Let q(p) = 5*p**2 + 30*p - 10. Let m(i) = i**2 + 6*i - 2. Let d(k) = -11*m(k) + 2*q(k). Suppose -4*j = -3*j - 5. Suppose u + j = -1. Calculate d(u).
2
Let x(w) = -4. Let h(d) = -d + 9. Let v(s) = 2*h(s) + 5*x(s). Let n be ((-3)/(-4))/((-48)/128). What is v(n)?
2
Let a(z) = -z**3 + 3*z**2 - z - 2. Let v be a(2). Let s(m) be the first derivative of 2 - 7/3*m**3 - m + v*m**2. Determine s(1).
-8
Let a(o) = 19*o**3 - 10*o. Let g(d) = 13*d**3 - 7*d. Let b(h) = -5*a(h) + 7*g(h). Determine b(1).
-3
Let i(u) be the first derivative of 11*u**6/120 - u**5/60 - u**4/24 + 2*u**2 + 2. Let j(c) be the second derivative of i(c). Determine j(-1).
-11
Let m(u) = -u**3 - 3*u**2 - 3*u - 2. Let j be m(-3). Let d(s) = 7*s - 6. Let v(i) = 11*i - 9. Let x(l) = 8*d(l) - 5*v(l). Give x(j).
4
Let l(t) be the second derivative of -t**3/6 + 2*t**2 + 30*t. Calculate l(7).
-3
Let i(r) be the third derivative of r**5/60 + r**4/4 + 2*r**3/3 + 21*r**2. Let v = 12 + -18. Determine i(v).
4
Let n(p) = 2*p**3 + 4*p**2 + 3*p. Let y = 5 - 3. Suppose -2*t = -2*w + 18, 3*w - 5 = -y*t + 2. Let i be (-3)/(2 - w) + -3. Calculate n(i).
-6
Let o(b) = -13*b - 10. Let d be -9 + 2 + (-3 - -1). Let w(m) = -6*m - 5. Let j(n) = d*w(n) + 4*o(n). Determine j(-4).
-3
Let x = -4 - -10. Let s be 2/x - (-44)/12. Let r(v) = v**2 - 5*v - 3. Give r(s).
-7
Let c be (-4)/(-3)*9/2. Let y(i) = i**3 - 7*i**2 + 3*i + 6. Give y(c).
-12
Let u(o) = o**3 + 9*o**2 + 9*o + 16. Let j be u(-8). Let y be (-6)/j + 13/(-4). Let m(g) be the third derivative of g**4/8 + 5*g**3/6 - g**2. Give m(y).
-7
Suppose 6 = 2*l + 4. Suppose 2*m - 4*x = 20, -2*m - 2*x = -l + 5. Let j(o) = -o**3 + 2*o**2 - 4*o + 3. Give j(m).
-5
Let z(o) = o - 3. Let m(k) = -4. Let s(a) = -2*m(a) + 3*z(a). Determine s(4).
11
Let v = -2 + 2. Let q(r) = -3*r**2 - r + 4. Let m(b) = b**2 + b - 1. Let i(a) = -2*m(a) - q(a). Calculate i(v).
-2
Suppose 0 = -5*q + 4*k + 64 + 8, -3*k = 4*q - 39. Let v(t) = 0*t + q + 2*t - 3*t. Calculate v(0).
12
Let s(y) = -y**3 + y. Let p(z) = 4*z**3 + 7*z**2 - 6*z + 8. Let r(o) = p(o) + 5*s(o). Determine r(7).
1
Let p(x) = 3*x**2 + x + 3. Suppose 0 = -2*q + 8, b = -b - 2*q. Let k(w) = w**2 + w. Let d(l) = b*k(l) + p(l). What is d(-3)?
3
Let k(h) = h**2 - 7*h**3 + 0*h + 0 + 2 - 1 - 2*h. Calculate k(1).
-7
Let d(i) = 2*i - 6. Let b be d(5). Let y(x) = 2 + 0 + 2*x - b*x. Let z = 23 + -19. Determine y(z).
-6
Let z(k) = -6*k - 2. Let v(n) = 24*n + 9. Let s = -5 + 10. Let l(a) = s*v(a) + 21*z(a). Determine l(2).
-9
Let s(z) = -4*z - 10. Let r = -4 + -3. Calculate s(r).
18
Let m(z) be the second derivative of 0 + 7/6*z**3 - 1/2*z**2 + z. Suppose 0 = -3*v - v + 4. What is m(v)?
6
Let t(c) = c - 2. Let a be t(-3). Let g(i) be the second derivative of -i**4/12 - i**3/2 + 5*i**2/2 + 3*i. What is g(a)?
-5
Let y(k) = k**3 + 2*k**2 + k + 1. Suppose 0*t + 24 = -2*t + 4*v, 2*t + 4*v - 16 = 0. Determine y(t).
-1
Let h(o) be the third derivative of -o**4/6 - o**3/6 + o**2. Let p(n) = -2 + 8 + 0*n - 2*n. Let c be p(4). Calculate h(c).
7
Let x(b) be the first derivative of b**3/3 + 4*b**2 + 9*b - 2. Let a be x(-7). Let w(f) = 8*f**3 - 6 + 0*f**3 - 7*f**3 - f**a. Determine w(0).
-6
Let l be 1/3 + (-2)/(-3). Let m be 1*4 + (1 - l). Let h(c) = -76 - 9*c + 77 + 10*c. Calculate h(m).
5
Let q(l) = -19 + 8 + 10 + l. Calculate q(-5).
-6
Let u = -7 - 2. Let q be 4/6*(6 + 15). Let g = q + u. Let j(r) = r**2 - 6*r + 6. What is j(g)?
1
Suppose 0 = 5*r - 17 + 2. Suppose 4*y = 4*f - 4, r*f - 4*y = -0*f + 5. Let t(n) = -6*n**2 + 2*n + 1. What is t(f)?
-7
Suppose 4*r - 38 = 58. Suppose -3*p = p + r. Let d be (-4 + 5)/(2/p). Let j(l) = l**3 + 2*l**2 - 2*l - 4. What is j(d)?
-7
Let a = -13 - -18. Let f(j) = 5*j + 7. Let v(w) = -11*w - 15. Let n(g) = -13*f(g) - 6*v(g). Calculate n(a).
4
Let f(h) = -5*h**3 - 3*h**2 + 7*h. Let l(p) = 14*p**3 + 8*p**2 - 20*p. Suppose -2*o = -u + o + 6, -4*u - 44 = 5*o. Let j(m) = u*l(m) - 17*f(m). Give j(-1).
1
Suppose 5*k - 4*g = g, g - 6 = -k. Let c(q) be the third derivative of -q**4/8 - 2*q**3/3 + 10*q**2. Determine c(k).
-13
Let w(m) = m + 1. Let t(n) = -n - 3. Let r(c) = -t(c) - 2*w(c). Calculate r(-6).
7
Let d = -24 - -23. Let w be (d - 0/(-3))*-2. Let o(x) = x**3 - 4*x**2 - 2. What is o(w)?
-10
Let i(t) be the first derivative of 3*t**7/280 + t**5/60 - t**4/24 + 5*t**3/3 - 2. Let f(a) be the third derivative of i(a). Give f(1).
10
Let q(m) be the first derivative of -m**3/3 + m**2 + m - 26. Let r = 4 - 2. What is q(r)?
1
Let o(z) = -3*z**3 - 4*z**2 - 2*z + 3. Let v(m) = -m**2 + 1. Let t(c) = -o(c) + 4*v(c). What is t(-1)?
-4
Let q(b) = b**2 + 5*b - 9. Let y be q(-7). Suppose -4*g + 3*g = -3. Let w(c) = 0*c**2 - g*c**2 + 5*c + 5 + 2*c**2. Give w(y).
5
Let d be ((28/(-4))/14)/(2/28). Let x(n) = n + 2. Determine x(d).
-5
Let s = 24 - 27. Let t(o) = -o**3 - 2*o**2 + 3*o - 1. Calculate t(s).
-1
Let t(k) = 5*k**2 - 6 + k**2 + 0*k**2 - 7*k**2. Let s(z) = z**3 - 2*z + 1. Let q be s(1). Calculate t(q).
-6
Let l(h) = -2 - 43*h**3 + 3 - h + 34*h**3. What is l(1)?
-9
Let j(h) be the second derivative of 1/2*h**2 - 8*h + 5/6*h**3 + 0. Determine j(-1).
-4
Let t(w) be the second derivative of w**5/20 + w**4/3 - 5*w**3/6 - 5*w**2/2 - 19*w. Calculate t(-5).
-5
Let f(r) = -r + 7. Let i = -2 - 2. Let m(b) = -b + 8. Let d(c) = i*f(c) + 3*m(c). Give d(0).
-4
Let w(x) = 20*x**2 + 2*x - 1. Suppose -4*r - 11 = -0*r + 5*t, 4*t + 13 = r. Give w(r).
21
Let d be 4 - (-1 - (1 - 1)). Suppose -5*f + 3*k + 2*k = d, -3 = f - 3*k. Let g = 1 + f. Let u(a) = -4*a**3. What is u(g)?
-4
Let d(b) = 2*b - 10. Let q be d(5). Let x(a) = -5*a - 1. Let n be x(-1). Let u(j) = n + j + 2*j - 4*j. Determine u(q).
4
Let k(n) be the third derivative of -n**4/24 + 4*n**3/3 + 13*n**2. Determine k(6).
2
Let x = 45 + -47. Let n(y) = y**2 + 2*y + 3. Let o(z) = -z**2 - 2*z - 2. Let b = -1 - -3. Let c(u) = b*n(u) + 3*o(u). Determine c(x).
0
Let n(k) = k + 1. Let v be n(-1). Suppose 3*s - 2*s + 6 = v. Let t = s + 9. Let r(c) = -2*c - 1. Calculate r(t).
-7
Let n(h) = -h. Let w be 10*(16/(-10) - -2). Suppose -g = w*m - 4*g - 32, 4*m - 4*g = 32. Suppose -p - 5*l = 25, m = l - 3*l. Calculate n(p).
5
Let s(l) be the second derivative of l**3/6 + l**2 - 2*l. Let c(b) = -1. Let j(t) = 4*c(t) + s(t). What is j(4)?
2
Let u(d) be the first derivative of 4*d**3/3 + d**2 + 3*d + 65. Give u(-2).
15
Let o(p) = 52 - 113 - 2*p + 58. What is o(-6)?
9
Let f(l) be the second derivative of l**2 + l + 0 + 1/12*l**4 - 1/3*l**3. Give f(2).
2
Let s(z) be the second derivative of -z**5/60 - 5*z**4/24 + z**3/6 - z**2 + 2*z. Let a(q) be the first derivative of s(q). Give a(-5).
1
Let j(c) = c**2 + c + 1. Let m be j(-1). Let i(r) be the second derivative of r**4/4 - r**3/3 + r**2/2 + 12*r. Calculate i(m).
2
Suppose -43 + 15 = -4*s. Let c = s - 7. Let k(p) = -p**3 - p**2 + 2. What is k(c)?
2
Let c(p) = -2*p**3 - 9*p**2 + p - 2. Let k(h) = -h**3 - 5*h**2 - 1. Let r(o) = 3*c(o) - 5*k(o). What is r(-3)?
-1
Let j(o) = -o**3 + o**2 - 1. Let p be j(0). Let r(f) = -3*f - 12*f + 4*f. Calculate r(p).
11
Suppose -6 = 7*j - 6*j. Let k(v) = v**2 + 6*v - 4. What is k(j)?
-4
Let n = -10 - -5. Let j = n + 2. Let b = j - -6. Let u(x) = 2*x - 2. Determine u(b).
4
Let d(m) be the third derivative of -m**9/60480 + m**8/5040 - m**5/30 - 2*m**2. Let o(l) be the third derivative of d(l). Let j be 1 + -3*(-2)/3. Give o(j).
9
Let v(m) be the first derivative of -m**5/60 - m**4/